{"id":66,"date":"2025-11-21T19:30:57","date_gmt":"2025-11-21T18:30:57","guid":{"rendered":"https:\/\/50thpeace.com\/?page_id=66"},"modified":"2026-03-01T15:54:29","modified_gmt":"2026-03-01T14:54:29","slug":"home","status":"publish","type":"page","link":"https:\/\/50thpeace.com\/","title":{"rendered":""},"content":{"rendered":"\n<div class=\"wp-block-uagb-container uagb-block-3bb79d6e alignfull uagb-is-root-container\"><div class=\"uagb-container-inner-blocks-wrap\">\n<div class=\"wp-block-uagb-container uagb-block-43ea0518\">\n<figure class=\"wp-block-image size-full is-style-rounded wp-duotone-6b4e3d-ffffff-1\"><img fetchpriority=\"high\" decoding=\"async\" width=\"1179\" height=\"1465\" src=\"https:\/\/50thpeace.com\/wp-content\/uploads\/2026\/01\/WhatsApp-Image-2026-01-24-at-13.03.18.jpeg\" alt=\"\" class=\"wp-image-250\" srcset=\"https:\/\/50thpeace.com\/wp-content\/uploads\/2026\/01\/WhatsApp-Image-2026-01-24-at-13.03.18.jpeg 1179w, https:\/\/50thpeace.com\/wp-content\/uploads\/2026\/01\/WhatsApp-Image-2026-01-24-at-13.03.18-241x300.jpeg 241w, https:\/\/50thpeace.com\/wp-content\/uploads\/2026\/01\/WhatsApp-Image-2026-01-24-at-13.03.18-824x1024.jpeg 824w, https:\/\/50thpeace.com\/wp-content\/uploads\/2026\/01\/WhatsApp-Image-2026-01-24-at-13.03.18-768x954.jpeg 768w\" sizes=\"(max-width: 1179px) 100vw, 1179px\" \/><\/figure>\n<\/div>\n\n\n\n<div class=\"wp-block-uagb-container uagb-block-4ed58592\">\n<p class=\"has-text-align-center has-text-color has-link-color has-medium-font-size wp-elements-eef461ebc102253b3d1640dea81be485\" style=\"color:#6b4e3d;padding-top:0;padding-right:var(--wp--preset--spacing--80);padding-bottom:0;padding-left:var(--wp--preset--spacing--80)\"><em>  M\u00c1S RESERVAS. M\u00c1S VISIBILIDAD.<\/em><\/p>\n\n\n\n<h2 class=\"wp-block-heading has-text-align-center has-text-color has-link-color wp-elements-98ed236874222db31436ee2f3785ff16\" style=\"color:#6b4e3d\"><strong>Construyendo marcas con identidad, prop\u00f3sito y coherencia<\/strong> <\/h2>\n\n\n\n<p class=\"has-text-align-center\"><strong>El marketing no trata solo de vender.<br>Trata de conectar, transmitir y construir identidad.<\/strong><\/p>\n\n\n\n<p class=\"has-text-align-center has-text-color has-link-color wp-elements-dfe7646c7e11987e490b056ec648ef2c\" style=\"color:#6b4e3d\"><strong>Marketing digital estrat\u00e9gico para marcas y proyectos  con identidad<br><\/strong><br><strong>Branding \u00b7 Estrategia digital \u00b7 Comunicaci\u00f3n <\/strong><\/p>\n\n\n\n<div class=\"wp-block-uagb-buttons uagb-buttons__outer-wrap uagb-btn__default-btn uagb-btn-tablet__default-btn uagb-btn-mobile__default-btn uagb-block-2f627603\"><div class=\"uagb-buttons__wrap uagb-buttons-layout-wrap \">\n<div class=\"wp-block-uagb-buttons-child uagb-buttons__outer-wrap uagb-block-71086f5e wp-block-button\"><div class=\"uagb-button__wrapper\"><a class=\"uagb-buttons-repeater wp-block-button__link\" aria-label=\"\" href=\"#\" rel=\"follow noopener\" target=\"_self\" role=\"button\"><div class=\"uagb-button__link\">SOLICITAR INFORMACION<\/div><\/a><\/div><\/div>\n<\/div><\/div>\n\n\n\n<p><\/p>\n<\/div>\n<\/div><\/div>\n\n\n\n<p><\/p>\n\n\n\n<p><\/p>\n\n\n\n<div class=\"wp-block-uagb-container uagb-block-d4917bf6 alignfull uagb-is-root-container\"><div class=\"uagb-container-inner-blocks-wrap\">\n<div class=\"wp-block-group is-nowrap is-layout-flex wp-container-core-group-is-layout-f66f9956 wp-block-group-is-layout-flex\">\n<div class=\"wp-block-uagb-info-box uagb-block-ca877b48 uagb-infobox__content-wrap  uagb-infobox-icon-above-title uagb-infobox-image-valign-top\"><div class=\"uagb-ifb-content\"><div class=\"uagb-ifb-icon-wrap\"><svg xmlns=\"https:\/\/www.w3.org\/2000\/svg\" viewBox=\"0 0 512 512\"><path d=\"M0 190.9V185.1C0 115.2 50.52 55.58 119.4 44.1C164.1 36.51 211.4 51.37 244 84.02L256 96L267.1 84.02C300.6 51.37 347 36.51 392.6 44.1C461.5 55.58 512 115.2 512 185.1V190.9C512 232.4 494.8 272.1 464.4 300.4L283.7 469.1C276.2 476.1 266.3 480 256 480C245.7 480 235.8 476.1 228.3 469.1L47.59 300.4C17.23 272.1 .0003 232.4 .0003 190.9L0 190.9z\"><\/path><\/svg><\/div><div class=\"uagb-ifb-title-wrap\"><h3 class=\"uagb-ifb-title\"><strong>BRANDING<\/strong><\/h3><\/div><p class=\"uagb-ifb-desc\"><strong>Haz que tu marca sea memorable a trav\u00e9s de una identidad que conecte.<\/strong><br>Desarrollo identidades de marca que reflejan la esencia de cada proyecto, transmiten confianza y permiten diferenciarse con coherencia y personalidad en un entorno cada vez m\u00e1s competitivo.<\/p><\/div><\/div>\n\n\n\n<div class=\"wp-block-uagb-info-box uagb-block-61fa501f uagb-infobox__content-wrap  uagb-infobox-icon-above-title uagb-infobox-image-valign-top\"><div class=\"uagb-ifb-content\"><div class=\"uagb-ifb-icon-wrap\"><svg xmlns=\"https:\/\/www.w3.org\/2000\/svg\" viewBox=\"0 0 512 512\"><path d=\"M0 190.9V185.1C0 115.2 50.52 55.58 119.4 44.1C164.1 36.51 211.4 51.37 244 84.02L256 96L267.1 84.02C300.6 51.37 347 36.51 392.6 44.1C461.5 55.58 512 115.2 512 185.1V190.9C512 232.4 494.8 272.1 464.4 300.4L283.7 469.1C276.2 476.1 266.3 480 256 480C245.7 480 235.8 476.1 228.3 469.1L47.59 300.4C17.23 272.1 .0003 232.4 .0003 190.9L0 190.9z\"><\/path><\/svg><\/div><div class=\"uagb-ifb-title-wrap\"><h3 class=\"uagb-ifb-title\">DISE\u00d1O WEB<\/h3><\/div><p class=\"uagb-ifb-desc\"><strong>Tu web, el primer paso hacia una marca s\u00f3lida.<\/strong><br>Dise\u00f1o p\u00e1ginas web funcionales y est\u00e9ticamente cuidadas que transmiten confianza, reflejan la identidad de tu marca y optimizan cada detalle para convertir visitas en oportunidades reales de crecimiento.<\/p><\/div><\/div>\n\n\n\n<div class=\"wp-block-uagb-info-box uagb-block-7e0e2023 uagb-infobox__content-wrap  uagb-infobox-icon-above-title uagb-infobox-image-valign-top\"><div class=\"uagb-ifb-content\"><div class=\"uagb-ifb-icon-wrap\"><svg xmlns=\"https:\/\/www.w3.org\/2000\/svg\" viewBox=\"0 0 512 512\"><path d=\"M0 190.9V185.1C0 115.2 50.52 55.58 119.4 44.1C164.1 36.51 211.4 51.37 244 84.02L256 96L267.1 84.02C300.6 51.37 347 36.51 392.6 44.1C461.5 55.58 512 115.2 512 185.1V190.9C512 232.4 494.8 272.1 464.4 300.4L283.7 469.1C276.2 476.1 266.3 480 256 480C245.7 480 235.8 476.1 228.3 469.1L47.59 300.4C17.23 272.1 .0003 232.4 .0003 190.9L0 190.9z\"><\/path><\/svg><\/div><div class=\"uagb-ifb-title-wrap\"><h3 class=\"uagb-ifb-title\">REDES SOCIALES<\/h3><\/div><p class=\"uagb-ifb-desc\"><strong>Conecta con tu audiencia all\u00ed donde est\u00e1.<\/strong><br>Dise\u00f1o estrategias de contenido y presencia digital que reflejan la identidad de tu marca, generan conexi\u00f3n con tu comunidad y atraen a clientes alineados con tus valores y tu propuesta.<\/p><\/div><\/div>\n<\/div>\n<\/div><\/div>\n\n\n\n<p><\/p>\n\n\n\n<p class=\"has-text-align-center has-medium-font-size\"><strong>S\u00e9 lo que significa construir una marca sin una estrategia clara detr\u00e1s.. POR ESO, MI OBJETIVO ES SIMPLE:&nbsp;<\/strong><\/p>\n\n\n\n<p class=\"has-text-align-center has-medium-font-size\"><strong>ayudarte a definir tu identidad, fortalecer tu presencia digital y crear una estrategia coherente que impulse el crecimiento de tu proyecto.<\/strong><\/p>\n\n\n\n<p class=\"has-text-align-center has-medium-font-size\"><strong>Tu marca merece brillar tanto online como en la experiencia que transmites.<br>Creo estrategias digitales que hablan directamente a tu audiencia y convierten presencia en posicionamiento real.<\/strong><\/p>\n\n\n\n<p class=\"has-text-align-center has-medium-font-size\"><strong>\u00bfQuieres transformar tu negocio y atraer m\u00e1s clientes?<\/strong><\/p>\n\n\n\n<p class=\"has-text-align-center has-medium-font-size\"><strong>\u00danete a la comunidad 50thpeace<\/strong><\/p>\n\n\n\n<p class=\"has-text-align-center has-medium-font-size\">Inspiraci\u00f3n, branding y marketing digital para construir marcas con identidad, coherencia y prop\u00f3sito.<\/p>\n\n\n\n<p class=\"has-text-align-center has-medium-font-size\"><strong>Cada semana comparto ideas y estrategias de marketing digital que realmente funcionan.<\/strong><\/p>\n\n\n\n<p class=\"has-text-align-center has-medium-font-size\">Suscr\u00edbete si quieres mejorar tu marca online, construir una presencia aut\u00e9ntica y crecer con estrategia (sin spam).<\/p>\n\n\n\n<div class=\"wp-block-buttons is-content-justification-center is-layout-flex wp-container-core-buttons-is-layout-a89b3969 wp-block-buttons-is-layout-flex\">\n<div class=\"wp-block-button\"><a class=\"wp-block-button__link wp-element-button\" href=\"https:\/\/50thpeace.com\/index.php\/pestana-rara\/\"><strong>Forma parte de 50thpeace<\/strong><\/a><\/div>\n<\/div>\n\n\n\n<div class=\"wp-block-uagb-social-share uagb-social-share__outer-wrap uagb-social-share__layout-horizontal uagb-block-13af9e6a\">\n<div class=\"wp-block-uagb-social-share-child uagb-ss-repeater uagb-ss__wrapper uagb-block-9016ee71\"><span class=\"uagb-ss__link\" data-href=\"https:\/\/www.facebook.com\/sharer.php?u=\" tabindex=\"0\" role=\"button\" aria-label=\"facebook\"><span class=\"uagb-ss__source-wrap\"><span class=\"uagb-ss__source-icon\"><svg xmlns=\"https:\/\/www.w3.org\/2000\/svg\" viewBox=\"0 0 512 512\"><path d=\"M504 256C504 119 393 8 256 8S8 119 8 256c0 123.8 90.69 226.4 209.3 245V327.7h-63V256h63v-54.64c0-62.15 37-96.48 93.67-96.48 27.14 0 55.52 4.84 55.52 4.84v61h-31.28c-30.8 0-40.41 19.12-40.41 38.73V256h68.78l-11 71.69h-57.78V501C413.3 482.4 504 379.8 504 256z\"><\/path><\/svg><\/span><\/span><\/span><\/div>\n\n\n\n<div class=\"wp-block-uagb-social-share-child uagb-ss-repeater uagb-ss__wrapper uagb-block-155110c9\"><span class=\"uagb-ss__link\" data-href=\"https:\/\/twitter.com\/share?url=\" tabindex=\"0\" role=\"button\" aria-label=\"twitter\"><span class=\"uagb-ss__source-wrap\"><span class=\"uagb-ss__source-icon\"><svg xmlns=\"https:\/\/www.w3.org\/2000\/svg\" viewBox=\"0 0 448 512\"><path d=\"M400 32H48C21.5 32 0 53.5 0 80v352c0 26.5 21.5 48 48 48h352c26.5 0 48-21.5 48-48V80c0-26.5-21.5-48-48-48zm-48.9 158.8c.2 2.8 .2 5.7 .2 8.5 0 86.7-66 186.6-186.6 186.6-37.2 0-71.7-10.8-100.7-29.4 5.3 .6 10.4 .8 15.8 .8 30.7 0 58.9-10.4 81.4-28-28.8-.6-53-19.5-61.3-45.5 10.1 1.5 19.2 1.5 29.6-1.2-30-6.1-52.5-32.5-52.5-64.4v-.8c8.7 4.9 18.9 7.9 29.6 8.3a65.45 65.45 0 0 1 -29.2-54.6c0-12.2 3.2-23.4 8.9-33.1 32.3 39.8 80.8 65.8 135.2 68.6-9.3-44.5 24-80.6 64-80.6 18.9 0 35.9 7.9 47.9 20.7 14.8-2.8 29-8.3 41.6-15.8-4.9 15.2-15.2 28-28.8 36.1 13.2-1.4 26-5.1 37.8-10.2-8.9 13.1-20.1 24.7-32.9 34z\"><\/path><\/svg><\/span><\/span><\/span><\/div>\n\n\n\n<div class=\"wp-block-uagb-social-share-child uagb-ss-repeater uagb-ss__wrapper uagb-block-58c153f9\"><span class=\"uagb-ss__link\" data-href=\"https:\/\/pinterest.com\/pin\/create\/link\/?url=\" tabindex=\"0\" role=\"button\" aria-label=\"pinterest\"><span class=\"uagb-ss__source-wrap\"><span class=\"uagb-ss__source-icon\"><svg xmlns=\"https:\/\/www.w3.org\/2000\/svg\" viewBox=\"0 0 448 512\"><path d=\"M448 80v352c0 26.5-21.5 48-48 48H154.4c9.8-16.4 22.4-40 27.4-59.3 3-11.5 15.3-58.4 15.3-58.4 8 15.3 31.4 28.2 56.3 28.2 74.1 0 127.4-68.1 127.4-152.7 0-81.1-66.2-141.8-151.4-141.8-106 0-162.2 71.1-162.2 148.6 0 36 19.2 80.8 49.8 95.1 4.7 2.2 7.1 1.2 8.2-3.3 .8-3.4 5-20.1 6.8-27.8 .6-2.5 .3-4.6-1.7-7-10.1-12.3-18.3-34.9-18.3-56 0-54.2 41-106.6 110.9-106.6 60.3 0 102.6 41.1 102.6 99.9 0 66.4-33.5 112.4-77.2 112.4-24.1 0-42.1-19.9-36.4-44.4 6.9-29.2 20.3-60.7 20.3-81.8 0-53-75.5-45.7-75.5 25 0 21.7 7.3 36.5 7.3 36.5-31.4 132.8-36.1 134.5-29.6 192.6l2.2 .8H48c-26.5 0-48-21.5-48-48V80c0-26.5 21.5-48 48-48h352c26.5 0 48 21.5 48 48z\"><\/path><\/svg><\/span><\/span><\/span><\/div>\n\n\n\n<div class=\"wp-block-uagb-social-share-child uagb-ss-repeater uagb-ss__wrapper uagb-block-5a91e951\"><span class=\"uagb-ss__link\" data-href=\"https:\/\/www.linkedin.com\/shareArticle?url=\" tabindex=\"0\" role=\"button\" aria-label=\"linkedin\"><span class=\"uagb-ss__source-wrap\"><span class=\"uagb-ss__source-icon\"><svg xmlns=\"https:\/\/www.w3.org\/2000\/svg\" viewBox=\"0 0 448 512\"><path d=\"M416 32H31.9C14.3 32 0 46.5 0 64.3v383.4C0 465.5 14.3 480 31.9 480H416c17.6 0 32-14.5 32-32.3V64.3c0-17.8-14.4-32.3-32-32.3zM135.4 416H69V202.2h66.5V416zm-33.2-243c-21.3 0-38.5-17.3-38.5-38.5S80.9 96 102.2 96c21.2 0 38.5 17.3 38.5 38.5 0 21.3-17.2 38.5-38.5 38.5zm282.1 243h-66.4V312c0-24.8-.5-56.7-34.5-56.7-34.6 0-39.9 27-39.9 54.9V416h-66.4V202.2h63.7v29.2h.9c8.9-16.8 30.6-34.5 62.9-34.5 67.2 0 79.7 44.3 79.7 101.9V416z\"><\/path><\/svg><\/span><\/span><\/span><\/div>\n<\/div>\n\n\n\n<p><\/p>\n\n\n\n<p><\/p>\n","protected":false},"excerpt":{"rendered":"<p>M\u00c1S RESERVAS. M\u00c1S VISIBILIDAD. Construyendo marcas con identidad, prop\u00f3sito y coherencia El marketing no trata solo de vender.Trata de conectar, [&hellip;]<\/p>\n","protected":false},"author":1,"featured_media":0,"parent":0,"menu_order":0,"comment_status":"closed","ping_status":"closed","template":"","meta":{"_uag_custom_page_level_css":"","site-sidebar-layout":"default","site-content-layout":"","ast-site-content-layout":"default","site-content-style":"default","site-sidebar-style":"default","ast-global-header-display":"","ast-banner-title-visibility":"","ast-main-header-display":"","ast-hfb-above-header-display":"","ast-hfb-below-header-display":"","ast-hfb-mobile-header-display":"","site-post-title":"disabled","ast-breadcrumbs-content":"","ast-featured-img":"","footer-sml-layout":"","theme-transparent-header-meta":"","adv-header-id-meta":"","stick-header-meta":"","header-above-stick-meta":"","header-main-stick-meta":"","header-below-stick-meta":"","astra-migrate-meta-layouts":"default","ast-page-background-enabled":"default","ast-page-background-meta":{"desktop":{"background-color":"var(--ast-global-color-5)","background-image":"","background-repeat":"repeat","background-position":"center center","background-size":"auto","background-attachment":"scroll","background-type":"","background-media":"","overlay-type":"","overlay-color":"","overlay-opacity":"","overlay-gradient":""},"tablet":{"background-color":"","background-image":"","background-repeat":"repeat","background-position":"center center","background-size":"auto","background-attachment":"scroll","background-type":"","background-media":"","overlay-type":"","overlay-color":"","overlay-opacity":"","overlay-gradient":""},"mobile":{"background-color":"","background-image":"","background-repeat":"repeat","background-position":"center center","background-size":"auto","background-attachment":"scroll","background-type":"","background-media":"","overlay-type":"","overlay-color":"","overlay-opacity":"","overlay-gradient":""}},"ast-content-background-meta":{"desktop":{"background-color":"var(--ast-global-color-4)","background-image":"","background-repeat":"repeat","background-position":"center center","background-size":"auto","background-attachment":"scroll","background-type":"","background-media":"","overlay-type":"","overlay-color":"","overlay-opacity":"","overlay-gradient":""},"tablet":{"background-color":"var(--ast-global-color-4)","background-image":"","background-repeat":"repeat","background-position":"center center","background-size":"auto","background-attachment":"scroll","background-type":"","background-media":"","overlay-type":"","overlay-color":"","overlay-opacity":"","overlay-gradient":""},"mobile":{"background-color":"var(--ast-global-color-4)","background-image":"","background-repeat":"repeat","background-position":"center center","background-size":"auto","background-attachment":"scroll","background-type":"","background-media":"","overlay-type":"","overlay-color":"","overlay-opacity":"","overlay-gradient":""}},"footnotes":""},"class_list":["post-66","page","type-page","status-publish","hentry"],"yoast_head":"<!-- This site is optimized with the Yoast SEO plugin v27.0 - https:\/\/yoast.com\/product\/yoast-seo-wordpress\/ -->\n<title>Marketing digital estrat\u00e9gico\/ 50thpeace<\/title>\n<meta name=\"description\" content=\"Agencia de marketing digital estrat\u00e9gico especializada en branding, identidad y comunicaci\u00f3n. Construimos marcas con prop\u00f3sito, coherencia y posicionamiento.\" \/>\n<meta name=\"robots\" content=\"index, follow, max-snippet:-1, max-image-preview:large, max-video-preview:-1\" \/>\n<link rel=\"canonical\" href=\"https:\/\/50thpeace.com\/\" \/>\n<meta property=\"og:locale\" content=\"es_ES\" \/>\n<meta property=\"og:type\" content=\"article\" \/>\n<meta property=\"og:title\" content=\"Marketing digital estrat\u00e9gico\/ 50thpeace\" \/>\n<meta property=\"og:description\" content=\"Agencia de marketing digital estrat\u00e9gico especializada en branding, identidad y comunicaci\u00f3n. Construimos marcas con prop\u00f3sito, coherencia y posicionamiento.\" \/>\n<meta property=\"og:url\" content=\"https:\/\/50thpeace.com\/\" \/>\n<meta property=\"og:site_name\" content=\"50thpeace\" \/>\n<meta property=\"article:modified_time\" content=\"2026-03-01T14:54:29+00:00\" \/>\n<meta property=\"og:image\" content=\"https:\/\/50thpeace.com\/wp-content\/uploads\/2026\/01\/WhatsApp-Image-2026-01-24-at-13.03.18.jpeg\" \/>\n\t<meta property=\"og:image:width\" content=\"1179\" \/>\n\t<meta property=\"og:image:height\" content=\"1465\" \/>\n\t<meta property=\"og:image:type\" content=\"image\/jpeg\" \/>\n<meta name=\"twitter:card\" content=\"summary_large_image\" \/>\n<meta name=\"twitter:label1\" content=\"Tiempo de lectura\" \/>\n\t<meta name=\"twitter:data1\" content=\"2 minutos\" \/>\n<script type=\"application\/ld+json\" class=\"yoast-schema-graph\">{\"@context\":\"https:\/\/schema.org\",\"@graph\":[{\"@type\":\"WebPage\",\"@id\":\"https:\/\/50thpeace.com\/\",\"url\":\"https:\/\/50thpeace.com\/\",\"name\":\"Marketing digital estrat\u00e9gico\/ 50thpeace\",\"isPartOf\":{\"@id\":\"https:\/\/50thpeace.com\/#website\"},\"primaryImageOfPage\":{\"@id\":\"https:\/\/50thpeace.com\/#primaryimage\"},\"image\":{\"@id\":\"https:\/\/50thpeace.com\/#primaryimage\"},\"thumbnailUrl\":\"https:\/\/50thpeace.com\/wp-content\/uploads\/2026\/01\/WhatsApp-Image-2026-01-24-at-13.03.18.jpeg\",\"datePublished\":\"2025-11-21T18:30:57+00:00\",\"dateModified\":\"2026-03-01T14:54:29+00:00\",\"description\":\"Agencia de marketing digital estrat\u00e9gico especializada en branding, identidad y comunicaci\u00f3n. Construimos marcas con prop\u00f3sito, coherencia y posicionamiento.\",\"inLanguage\":\"es\",\"potentialAction\":[{\"@type\":\"ReadAction\",\"target\":[\"https:\/\/50thpeace.com\/\"]}]},{\"@type\":\"ImageObject\",\"inLanguage\":\"es\",\"@id\":\"https:\/\/50thpeace.com\/#primaryimage\",\"url\":\"https:\/\/50thpeace.com\/wp-content\/uploads\/2026\/01\/WhatsApp-Image-2026-01-24-at-13.03.18.jpeg\",\"contentUrl\":\"https:\/\/50thpeace.com\/wp-content\/uploads\/2026\/01\/WhatsApp-Image-2026-01-24-at-13.03.18.jpeg\",\"width\":1179,\"height\":1465},{\"@type\":\"WebSite\",\"@id\":\"https:\/\/50thpeace.com\/#website\",\"url\":\"https:\/\/50thpeace.com\/\",\"name\":\"50thpeace\",\"description\":\"\",\"potentialAction\":[{\"@type\":\"SearchAction\",\"target\":{\"@type\":\"EntryPoint\",\"urlTemplate\":\"https:\/\/50thpeace.com\/?s={search_term_string}\"},\"query-input\":{\"@type\":\"PropertyValueSpecification\",\"valueRequired\":true,\"valueName\":\"search_term_string\"}}],\"inLanguage\":\"es\"}]}<\/script>\n<!-- \/ Yoast SEO plugin. -->","yoast_head_json":{"title":"Marketing digital estrat\u00e9gico\/ 50thpeace","description":"Agencia de marketing digital estrat\u00e9gico especializada en branding, identidad y comunicaci\u00f3n. Construimos marcas con prop\u00f3sito, coherencia y posicionamiento.","robots":{"index":"index","follow":"follow","max-snippet":"max-snippet:-1","max-image-preview":"max-image-preview:large","max-video-preview":"max-video-preview:-1"},"canonical":"https:\/\/50thpeace.com\/","og_locale":"es_ES","og_type":"article","og_title":"Marketing digital estrat\u00e9gico\/ 50thpeace","og_description":"Agencia de marketing digital estrat\u00e9gico especializada en branding, identidad y comunicaci\u00f3n. Construimos marcas con prop\u00f3sito, coherencia y posicionamiento.","og_url":"https:\/\/50thpeace.com\/","og_site_name":"50thpeace","article_modified_time":"2026-03-01T14:54:29+00:00","og_image":[{"width":1179,"height":1465,"url":"https:\/\/50thpeace.com\/wp-content\/uploads\/2026\/01\/WhatsApp-Image-2026-01-24-at-13.03.18.jpeg","type":"image\/jpeg"}],"twitter_card":"summary_large_image","twitter_misc":{"Tiempo de lectura":"2 minutos"},"schema":{"@context":"https:\/\/schema.org","@graph":[{"@type":"WebPage","@id":"https:\/\/50thpeace.com\/","url":"https:\/\/50thpeace.com\/","name":"Marketing digital estrat\u00e9gico\/ 50thpeace","isPartOf":{"@id":"https:\/\/50thpeace.com\/#website"},"primaryImageOfPage":{"@id":"https:\/\/50thpeace.com\/#primaryimage"},"image":{"@id":"https:\/\/50thpeace.com\/#primaryimage"},"thumbnailUrl":"https:\/\/50thpeace.com\/wp-content\/uploads\/2026\/01\/WhatsApp-Image-2026-01-24-at-13.03.18.jpeg","datePublished":"2025-11-21T18:30:57+00:00","dateModified":"2026-03-01T14:54:29+00:00","description":"Agencia de marketing digital estrat\u00e9gico especializada en branding, identidad y comunicaci\u00f3n. Construimos marcas con prop\u00f3sito, coherencia y posicionamiento.","inLanguage":"es","potentialAction":[{"@type":"ReadAction","target":["https:\/\/50thpeace.com\/"]}]},{"@type":"ImageObject","inLanguage":"es","@id":"https:\/\/50thpeace.com\/#primaryimage","url":"https:\/\/50thpeace.com\/wp-content\/uploads\/2026\/01\/WhatsApp-Image-2026-01-24-at-13.03.18.jpeg","contentUrl":"https:\/\/50thpeace.com\/wp-content\/uploads\/2026\/01\/WhatsApp-Image-2026-01-24-at-13.03.18.jpeg","width":1179,"height":1465},{"@type":"WebSite","@id":"https:\/\/50thpeace.com\/#website","url":"https:\/\/50thpeace.com\/","name":"50thpeace","description":"","potentialAction":[{"@type":"SearchAction","target":{"@type":"EntryPoint","urlTemplate":"https:\/\/50thpeace.com\/?s={search_term_string}"},"query-input":{"@type":"PropertyValueSpecification","valueRequired":true,"valueName":"search_term_string"}}],"inLanguage":"es"}]}},"uagb_featured_image_src":{"full":false,"thumbnail":false,"medium":false,"medium_large":false,"large":false,"1536x1536":false,"2048x2048":false},"uagb_author_info":{"display_name":"admin","author_link":"https:\/\/50thpeace.com\/index.php\/author\/admin\/"},"uagb_comment_info":0,"uagb_excerpt":"M\u00c1S RESERVAS. M\u00c1S VISIBILIDAD. Construyendo marcas con identidad, prop\u00f3sito y coherencia El marketing no trata solo de vender.Trata de conectar, [&hellip;]","_links":{"self":[{"href":"https:\/\/50thpeace.com\/index.php\/wp-json\/wp\/v2\/pages\/66","targetHints":{"allow":["GET"]}}],"collection":[{"href":"https:\/\/50thpeace.com\/index.php\/wp-json\/wp\/v2\/pages"}],"about":[{"href":"https:\/\/50thpeace.com\/index.php\/wp-json\/wp\/v2\/types\/page"}],"author":[{"embeddable":true,"href":"https:\/\/50thpeace.com\/index.php\/wp-json\/wp\/v2\/users\/1"}],"replies":[{"embeddable":true,"href":"https:\/\/50thpeace.com\/index.php\/wp-json\/wp\/v2\/comments?post=66"}],"version-history":[{"count":112,"href":"https:\/\/50thpeace.com\/index.php\/wp-json\/wp\/v2\/pages\/66\/revisions"}],"predecessor-version":[{"id":391,"href":"https:\/\/50thpeace.com\/index.php\/wp-json\/wp\/v2\/pages\/66\/revisions\/391"}],"wp:attachment":[{"href":"https:\/\/50thpeace.com\/index.php\/wp-json\/wp\/v2\/media?parent=66"}],"curies":[{"name":"wp","href":"https:\/\/api.w.org\/{rel}","templated":true}]}}